{"id":53,"date":"2020-02-18T08:22:29","date_gmt":"2020-02-18T08:22:29","guid":{"rendered":"http:\/\/opentech.al\/?page_id=53"},"modified":"2024-07-23T09:52:26","modified_gmt":"2024-07-23T08:52:26","slug":"rrethnesh","status":"publish","type":"page","link":"https:\/\/opentech.al\/en\/home\/rrethnesh\/","title":{"rendered":"Rreth nesh"},"content":{"rendered":"\n<p style=\"color:#ec7423;font-size:30px\" class=\"has-text-color\"><strong>Rreth nesh<\/strong><br><\/p>\n\n\n\n<div class=\"wp-block-image\"><figure class=\"alignleft\"><img decoding=\"async\" src=\"http:\/\/opentech.al\/wp-content\/uploads\/2019\/11\/shutterstock_204790105-365x247.jpg\" alt=\"\" class=\"wp-image-31\"\/><\/figure><\/div>\n\n\n\n<p style=\"color:#495868\" class=\"has-text-color has-medium-font-size\"> <br><strong>Q\u00ebllimi yn\u00eb<\/strong>\n \u00ebsht\u00eb t\u00eb jemi nj\u00eb pik\u00eb referimi p\u00ebr bizneset dhe institucionet \nqeveritare p\u00ebr sa i p\u00ebrket zgjidhjeve dhe k\u00ebshillave teknologjike t\u00eb \npersonalizuara. <br><\/p>\n\n\n\n<p style=\"color:#495868\" class=\"has-text-color has-medium-font-size\"><strong>Vizioni yn\u00eb<\/strong> \u00ebsht\u00eb t\u00eb ofrojm\u00eb cil\u00ebsi t\u00eb lart\u00eb t\u00eb sh\u00ebrbime dhe t\u00eb zhvillojm\u00eb produkte inovative t\u00eb p\u00ebrshtatura p\u00ebr nevojat e klientit. <br><\/p>\n\n\n\n<p style=\"color:#495868\" class=\"has-text-color has-medium-font-size\"><strong>Misioni yn\u00eb<\/strong> \u00ebsht\u00eb t\u00eb krijojm\u00eb marr\u00ebdh\u00ebnie afatgjata me klient\u00ebt tan\u00eb duke propozuar zgjidhjet m\u00eb t\u00eb p\u00ebrshtatshme n\u00eb cil\u00ebsi dhe kosto. <br><br><br><br><br><br><\/p>\n\n\n\n<div class=\"wp-block-image\"><figure class=\"alignleft is-resized\"><img fetchpriority=\"high\" decoding=\"async\" src=\"https:\/\/opentech.al\/wp-content\/uploads\/2020\/02\/values-300x300-2.jpg\" alt=\"\" class=\"wp-image-237\" width=\"365\" height=\"365\"\/><\/figure><\/div>\n\n\n\n<p style=\"color:#495868\" class=\"has-text-color has-medium-font-size\"><br><br><strong>Eksperienc\u00eb<\/strong>:\n Ofrojm\u00eb ekspertiz\u00eb t\u00eb lart\u00eb n\u00ebp\u00ebrmjet nj\u00eb stafi t\u00eb kualifikuar, me \neksperienca disa vjecare n\u00eb projekte komplekse dhe inovative;<br><\/p>\n\n\n\n<p style=\"color:#495868\" class=\"has-text-color has-medium-font-size\"><strong>Fleksibilitet<\/strong>: I p\u00ebrgjigjemi nevojave tuaja duke personalizuar ofert\u00ebn ton\u00eb n\u00eb \u00e7mim dhe cil\u00ebsi;<br><\/p>\n\n\n\n<p style=\"color:#495868\" class=\"has-text-color has-medium-font-size\"><strong>Siguri<\/strong>:\n Siguria p\u00ebr ne \u00ebsht\u00eb par\u00ebsore, ndaj kujdesemi q\u00eb sh\u00ebrbimet tona t\u00eb \nmarin parasysh t\u00eb gjitha ndryshimet e tregut, p\u00ebrfshir\u00eb rreziqet e \nmundshme, duke garantuar q\u00ebndrueshm\u00ebri dhe zgjidhje efikase. <br><br><br><br><br><br><br><br> <\/p>\n\n\n\n<p style=\"color:#495868\" class=\"has-text-color has-medium-font-size\">Shkarkoni&nbsp;<strong><a rel=\"noreferrer noopener\" href=\"http:\/\/opentech.al\/wp-content\/uploads\/2020\/02\/opentech presentation shqip.pdf\" target=\"_blank\">k\u00ebtu<\/a><\/strong> &nbsp;Profilin e Kompanis\u00eb. <\/p>\n","protected":false},"excerpt":{"rendered":"<p>Rreth nesh Q\u00ebllimi yn\u00eb \u00ebsht\u00eb t\u00eb jemi nj\u00eb pik\u00eb referimi p\u00ebr bizneset dhe institucionet qeveritare p\u00ebr sa i p\u00ebrket zgjidhjeve dhe k\u00ebshillave\u2026<\/p>\n","protected":false},"author":1,"featured_media":0,"parent":0,"menu_order":0,"comment_status":"closed","ping_status":"closed","template":"","meta":{"_uag_custom_page_level_css":"","footnotes":""},"class_list":["post-53","page","type-page","status-publish","hentry"],"uagb_featured_image_src":{"full":false,"thumbnail":false,"medium":false,"medium_large":false,"large":false,"1536x1536":false,"2048x2048":false,"hero-thumb":false,"card-thumb":false},"uagb_author_info":{"display_name":"opentech","author_link":"https:\/\/opentech.al\/en\/home\/author\/opentech\/"},"uagb_comment_info":0,"uagb_excerpt":"Rreth nesh Q\u00ebllimi yn\u00eb \u00ebsht\u00eb t\u00eb jemi nj\u00eb pik\u00eb referimi p\u00ebr bizneset dhe institucionet qeveritare p\u00ebr sa i p\u00ebrket zgjidhjeve dhe k\u00ebshillave\u2026","_links":{"self":[{"href":"https:\/\/opentech.al\/en\/home\/wp-json\/wp\/v2\/pages\/53","targetHints":{"allow":["GET"]}}],"collection":[{"href":"https:\/\/opentech.al\/en\/home\/wp-json\/wp\/v2\/pages"}],"about":[{"href":"https:\/\/opentech.al\/en\/home\/wp-json\/wp\/v2\/types\/page"}],"author":[{"embeddable":true,"href":"https:\/\/opentech.al\/en\/home\/wp-json\/wp\/v2\/users\/1"}],"replies":[{"embeddable":true,"href":"https:\/\/opentech.al\/en\/home\/wp-json\/wp\/v2\/comments?post=53"}],"version-history":[{"count":5,"href":"https:\/\/opentech.al\/en\/home\/wp-json\/wp\/v2\/pages\/53\/revisions"}],"predecessor-version":[{"id":213,"href":"https:\/\/opentech.al\/en\/home\/wp-json\/wp\/v2\/pages\/53\/revisions\/213"}],"wp:attachment":[{"href":"https:\/\/opentech.al\/en\/home\/wp-json\/wp\/v2\/media?parent=53"}],"curies":[{"name":"wp","href":"https:\/\/api.w.org\/{rel}","templated":true}]}}